 6*z(s). Is x(0) composite?
True
Let q(h) = 7*h - 6 - 12*h - 11*h - 3*h. Is q(-7) a prime number?
True
Suppose 0*j - 4*g - 2 = j, 5*g = -10. Let t be (j/(-18))/(1/6). Is (-1)/((-2)/(-308)*t) prime?
False
Is (26/(-78))/((-1)/(-1011)*-1) a composite number?
False
Let r(v) = v**2 - 3. Let o = 1 - 4. Is r(o) a prime number?
False
Is -1 + 0 + 35 - -3 prime?
True
Let o(h) = -29*h**2 - 2*h - 8. Let z be o(6). Let v = -69 - -37. Is z/v + (-1)/4 prime?
False
Let j(r) = -r**2 - 21*r + 15. Suppose 16 = -q + f, -9 - 9 = q - 2*f. Is j(q) a prime number?
True
Let x(i) = 107*i - 14. Let b(m) = -36*m + 5. Let w(f) = 11*b(f) + 4*x(f). Is w(4) composite?
False
Let f = -3998 - -6289. Is f composite?
True
Let m(z) = -2*z + 8*z + 6 + 0*z. Let b be m(6). Suppose p + 5*a - b = 0, 0 = -p + 5*a - 6*a + 38. Is p prime?
True
Let y(c) = 363*c - 7. Is y(2) prime?
True
Let o = 93 - 64. Let f = -6 + 11. Suppose f*i - w - 25 = -6*w, 5*w + o = 4*i. Is i prime?
False
Suppose 3*q - 165 = -0*q. Let c = 94 + q. Is c a composite number?
False
Let a(i) = i + 3. Let d be a(-3). Let b be d + 1/(-1) + -5. Is b/8 - (-382)/8 a prime number?
True
Let b(o) = o**2 + 3*o + 3. Let z be b(-3). Suppose -3*k - 8 = -4*k + 3*q, -5*k - z*q = 32. Is (5 + k)/((-2)/(-238)) prime?
False
Suppose 0 = -4*t + 3*r + 3747, -2*r - 4707 = -5*t - 6*r. Is t a prime number?
False
Let b = 141 - 52. Is b prime?
True
Let g be (-2)/(-3)*-3*-1. Let a be -3 + 3/((-6)/(-8)). Is 46*(7/g - a) a prime number?
False
Let w be 0/1 + -3 + -3. Let m = w - -4. Is -1*(-126 - (m - -3)) composite?
False
Suppose 5*g - 1367 = 68. Suppose 0 = -3*c + 5*h + 424, -h = -0*c + 2*c - g. Is c a composite number?
True
Suppose 10 = -5*u - 10. Let z = -4 + 0. Is (-142)/u + 2/z prime?
False
Is -3 - (-1 + -503 - 4) a composite number?
True
Let u(w) = -5*w - 4. Let h be u(-3). Let k(t) = 6*t - 1. Let c be k(1). Suppose -b + 62 = m + h, c*m - 259 = -4*b. Is m composite?
True
Let r be 3/4 - 3/(-12). Suppose r = -y - 1. Is (-111)/y*6/9 prime?
True
Is (1/(-2))/(7/14) - -2723 prime?
False
Suppose 1447 = 5*a - 1473. Let t = 837 - a. Is t composite?
True
Let f(t) = 6*t**3 + 2*t**2 + 4*t - 5. Is f(3) a composite number?
True
Suppose -3*n + 26 = -2*y, -y - 4 = -n + 4. Let g = n + -6. Suppose 1 = -g*d - 11, -v + 5*d = -26. Is v composite?
False
Let k = 251 + -91. Let h = -4 - -9. Suppose 0*p = -5*p + 2*q + k, -h*p = 3*q - 185. Is p prime?
False
Let l be 23446/(-133) + (-4)/(-14). Suppose -o + 5*o + 3*x + 364 = 0, 2*o - x + 192 = 0. Let v = o - l. Is v composite?
True
Let g(m) = 7*m**3 + 6*m**2 + 2. Let d(f) = -6*f**3 - 6*f**2 - f - 2. Let y(b) = 6*d(b) + 5*g(b). Is y(-7) a prime number?
True
Let z(x) = -x**3 - 3*x**2 + 5*x + 6. Let f be z(-4). Is (-52 - (-1 + f))/(-1) composite?
False
Is (4 - 90/21) + (-2043)/(-21) prime?
True
Let z be 0/(-1)*5/(-5). Suppose -4*i + z*i + 24 = 0. Let b = i + -3. Is b a composite number?
False
Suppose 2*n + 86 - 270 = 0. Suppose -2*i + 4*o = o - 5, 3*i - 36 = -5*o. Suppose i*f + y - n = 2*f, 0 = f - y - 22. Is f composite?
False
Let o(t) = -t + 2. Let j be o(0). Let m(b) = 13*b - 7. Let g(y) = 14*y - 6. Let l(c) = 4*g(c) - 3*m(c). Is l(j) composite?
False
Suppose 3*d - 3*k - 1422 = 0, d + 983 = 3*d + 5*k. Is d a composite number?
False
Let p(o) = o**2 - 2*o - 2. Let k be 3/6 + (-5)/(-2). Let m be p(k). Is (m - 63)/(-2 + 0) prime?
True
Let y = 3 - 1. Let p(o) = o + 2*o + 16*o**2 - 1 - 5*o**2. Is p(y) composite?
True
Let z(n) = -33*n - 3. Let u be 8*(2 - 0)/(-4). Let o be z(u). Suppose 4*v - 107 = o. Is v a composite number?
False
Let i(f) = f + 11. Let u be i(-9). Suppose -h = -2*h - 4*t + 193, -4*t = u*h - 398. Is h a composite number?
True
Let b(k) = -7*k**3 + k**2 - k - 1. Let q(g) = -8*g**3 + g**2 - g - 1. Let s(i) = -5*b(i) + 4*q(i). Let y be s(2). Let u = 57 - y. Is u prime?
False
Suppose -6*a + 5*a - 2*q + 625 = 0, 1878 = 3*a + 5*q. Is a a prime number?
True
Suppose 106 = 5*o - 9. Is -2*3/(-6)*o composite?
False
Let x be 57/12 + 1/4. Suppose -3*q - 10 = 4*t, -x*q + t = -t + 8. Is -39*(-2)/(-4)*q prime?
False
Let w(l) = -15 - 3*l**2 + 6*l - l**2 + 6*l**2. Is w(-11) composite?
True
Suppose 2*t + 3*t - 1109 = -y, -3*t - 4*y = -679. Is t prime?
False
Let o(n) = 31*n**2 + n + 5. Is o(-7) prime?
False
Let c(h) = 16*h**2 + 16*h + 4. Let n(x) = -3*x**2 - 3*x - 1. Let f = -1 + -1. Let y(i) = f*c(i) - 11*n(i). Is y(-4) prime?
False
Suppose -2*w + 2 + 0 = 0. Suppose -5*f = -11 + w. Suppose -3*i + 17 = 2*q, -30 = -q - f*q - 3*i. Is q composite?
False
Let k be -3*(0 + 3/(-3)). Suppose -3*h - 258 = -6*h + k*n, -163 = -2*h - n. Is h composite?
False
Let r(x) = -97*x - 3. Suppose 3 - 7 = 2*j. Is r(j) a composite number?
False
Suppose 2*r - 4 = -0. Let t(n) = 11*n + 2. Let i be t(r). Suppose 4*w + 27 = 5*s, -2*s - 2*s + 2*w = -i. Is s prime?
True
Suppose 0 = -z - 0*q + q + 137, 371 = 3*z + 5*q. Let p = 199 - z. Is p a composite number?
False
Suppose 2*i + d - 3 = 0, 0 = -2*i + 5*d - 2*d + 15. Suppose -2*a = i*a. Suppose a*o + 7 = o. Is o composite?
False
Suppose -q - 2*v + 125 = 0, q + 2*v - 7*v = 146. Is q prime?
True
Is (-1)/4 - (-10693)/68 a prime number?
True
Suppose -3*h + 40 = -2*p, 6 = -p - 2*p. Is (-357)/2*(-8)/h a prime number?
False
Let d(y) = 2*y + 29. Let c(x) = -x - 10. Let h(r) = -17*c(r) - 6*d(r). Is h(11) a composite number?
True
Let r(k) = 133*k**2 + 2*k - 12. Is r(3) a prime number?
False
Suppose 130 = 4*n - 186. Is n a composite number?
False
Let h = -41 - -27. Is 387/7 - h/(-49) a composite number?
True
Let h be ((2 + -2)/3)/2. Suppose -m - 5*y + 29 = h, 3*m = m + y + 3. Suppose m*d - 60 = -0. Is d composite?
True
Let p = 13 + 1. Is p a prime number?
False
Suppose 1174 + 808 = 2*d. Is d a composite number?
False
Suppose 2*n + 118 = 3*n. Suppose 8 = 4*h, -4*j + 2*h - 91 = 165. Let l = j + n. Is l a prime number?
False
Suppose -j = 3*j - 764. Suppose -2*a = -a - j. Is a prime?
True
Let o(a) = a + 5. Suppose -2*k - 4*h + 0*h = 0, 3*h = -5*k + 7. Let u be 1*(-2 + k) - -6. Is o(u) a prime number?
True
Let o be (-190)/(-4)*(0 + 22). Suppose -3*u + o = 2*u. Suppose 5*i = u + 126. Is i a composite number?
False
Suppose -s - 3 = -8. Let b = s + -3. Suppose -3*w + 45 = -3*q, -2*w = b*w - 3*q - 64. Is w a composite number?
False
Let h(a) = 3 - a - 118 + 7*a**2 - 6*a**2 + 630. Is h(0) composite?
True
Let n(u) be the second derivative of u**3/3 - 11*u**2/2 - 2*u. Let b be n(8). Suppose -2*o + 577 = 2*o + b*z, 3*o - 4*z = 425. Is o composite?
True
Let o = 5 + -4. Is -5 + 3 + 21/o a composite number?
False
Suppose -2*a = 3*a - 25. Suppose 0 = -3*k + a*f + 6, -5*f = -k - 2*f + 6. Is (7/2)/(k/(-138)) a composite number?
True
Let z(m) = -m**3 + 7*m**2 - 8*m + 9. Let d be z(6). Let h be (-1)/d - 6/18. Suppose -4*c + 27 + 25 = h. Is c a composite number?
False
Let z(w) = 2*w**2 + 4*w + 5. Is z(9) a prime number?
False
Is (6424/(-4))/(-1 + 0 - 1) a prime number?
False
Suppose 0 = 22*z - 19*z - 2427. Is z a prime number?
True
Let r be (-1)/(-1)*(1 - -4). Suppose 795 = -2*n + r*n. Suppose 0 = -d - 4*d + n. Is d a prime number?
True
Suppose -2*a = -4*a - 8. Let z = 10 + a. Is z a prime number?
False
Let w(o) = 48*o - 1. Let z(p) = p**2 + 4*p + 4. Let v be z(-4). Is w(v) composite?
False
Suppose 9 = 4*j - 755. Suppose l = 2*q - 0*l - 368, -q + j = 3*l. Is q a prime number?
False
Let n(b) = 4*b**3 - 2*b**2 + b. Let f be n(1). Suppose -5*q + 3*j = -0*j - 1070, -f*j = 3*q - 642. Is q prime?
False
Suppose b - 2*h = -4*b - 1059, 3*b - h + 636 = 0. Let o = -116 - b. Is o prime?
True
Let a = 12 + -7. Suppose l + 0 = -a*j - 1, -2*l = j - 34. Is l a composite number?
False
Let z(b) = -260*b - 4. Let c be z(-3). Suppose 5*d - 3*d = c. Is (-4)/10 + d/20 a prime number?
True
Suppose 0*f = -2*f + 134. Is f a prime number?
True
Let q = 56 - -211. Is q prime?
False
Let n = 0 + -1. Suppose -3*y + 7*y - 60 = 0. Let i = n + y. Is i a composite number?
True
Suppose 4*v = -d - 3*d + 12, 2*v - 10 = -4*d. Suppose -5*w = -5*k - 95, -2*w = 5*k - 2 - v. Is w prime?
False
Suppose -2*s + 104 + 110 = m, -3*s = -2*m - 307. Suppose -2*k = 3*k - s. Is k a composite number?
True
Let v(s) = -205*s + 51. Is v(-14) prime?
False
Let d = 314 + -2140. Is d/(-10) - 8/(-20) a composite number?
True
Let x(n) = n**2 + 2*n. Let v be x(-3). Suppose 155 = v*l - 4. Is l a composit